- 4*g - 2. Let z(n) = -n**3 - 13*n**2 - 13*n - 8. Let a be z(-12). Let v be -1 + 4 + a/((-8)/10). Give m(v).
-2
Let v(h) = -2*h - 6. Suppose 0 = k + 4*o - 16, -3*o = 2*k - 4*o + 13. Give v(k).
2
Let m = 5 - 4. Let q(x) = x**2 + 7*x + 9. Let a be q(-6). Suppose 4*u - 4*v + m = -a, -2*v = u - 14. Let w(f) = -f**2 + 2*f - 1. Give w(u).
-9
Let h(s) = -s. Let c(d) = -d**3 + 4*d**2 - 2*d - 4. Let q(m) = -c(m) + 4*h(m). Suppose 0 = 8*t - 21 - 11. Calculate q(t).
-4
Let z(a) = 15*a**3 - 2*a**2 + 5 + 11*a**3 - 27*a**3 - 3*a**2 - a**2. Suppose 0*g + 3*r = -4*g - 21, -5*g + 4*r - 34 = 0. What is z(g)?
5
Let v(y) = -y**3 - 5*y**2 + 2*y + 3. Suppose -f - 5 = 0, -4*u + 0 = -3*f + 1. What is v(u)?
-21
Let k(q) be the first derivative of q**4/12 - q**3/6 - q**2/2 - 25*q - 10. Let w(a) be the first derivative of k(a). What is w(-1)?
1
Let z(u) = -5*u + 10. Let b(p) = -6*p + 11. Let x(v) be the first derivative of 2*v**2 - 4. Let c be x(-1). Let j(r) = c*z(r) + 3*b(r). What is j(6)?
5
Let h(s) = -s - 7. Let p be -1*(-11)/(-3) - (-106)/159. Determine h(p).
-4
Let d(i) = i**3 - 3*i**2 + 3*i - 2. Suppose q = -2*c + 7, -2*q + 2 = -4. Calculate d(c).
0
Let o(b) = 15*b + 5 + 48 - 48 + b**2. Determine o(-15).
5
Let f(n) = 0*n**2 + 15 - 20 - 2*n**2 - 6*n. What is f(-4)?
-13
Let h(s) = -2*s + 6. Let u be ((-8)/(-5) - 1)/((-54)/(-270)). Give h(u).
0
Suppose 4*b = 5*y - 316, -y + b + 191 = 2*y. Let q = y - 70. Let a(v) = -v**2 - 6*v + 1. Determine a(q).
1
Let x(u) = 27*u**3 - 1 - 80*u**3 + 26*u**3 + 26*u**3 - 3*u. Calculate x(-2).
13
Let j = 3 + 3. Let t(c) be the first derivative of c**3/3 - 4*c**2 + 8*c - 473. Give t(j).
-4
Let m be (-60)/25*(-30)/9. Let w = m + -4. Let n(t) = -4 + 5 + 3*t - w*t. What is n(3)?
-2
Let u(j) = j + 2. Suppose 33 = i - 3*g, 4 + 1 = -5*g. Suppose 0 = -3*h - 7*h + i. Give u(h).
5
Let k(g) = 5 + g - 6 + 2 - 10 - 15. What is k(13)?
-11
Let j(x) = -9*x - 13. Let c(n) = 5*n + 6. Let v(q) = 5*c(q) + 3*j(q). Suppose -16 + 56 = 5*w. Let b = 2 - w. Determine v(b).
3
Let b(a) = -9*a + 13. Let w(g) = 4*g - 6. Let y(i) = 2*b(i) + 5*w(i). Calculate y(4).
4
Let d(n) = n**3 - 8*n**2 + 10*n - 8. Let y(w) = -4*w - 21. Suppose -3*h + 3*g - 4*g - 25 = 0, h + 27 = -5*g. Let b be y(h). Give d(b).
13
Let v(n) = -544*n**2 + 545*n**2 - 2 - 3. Let b = 1 + -1. Determine v(b).
-5
Let h(t) = -9 + 3*t**2 + 3*t**2 + 14*t**2 - 4*t**2 - 4*t**2 + t**3 - 13*t. Calculate h(-13).
-9
Let a(m) = 41 + 316*m - 322*m + 61 - 19. What is a(14)?
-1
Let a(j) = -3*j - 1. Suppose 2*p = 11 - 1. Suppose 0 = -2*w + 5*m - 7, w + 0 + 6 = p*m. Let r(o) = o + 1. Let d(t) = w*a(t) - 2*r(t). Determine d(0).
-1
Let u(f) = 17*f**3 - 3*f - 48*f**3 + 18*f**3 + 14*f**3 + 19 - 10*f + 13*f**2. What is u(-14)?
5
Let u(v) = -v**2 - 8*v + 3*v**2 + 6 - v**2. Let y(o) = -o**3 - 5*o**2 + 7*o + 12. Let x = 81 - 87. Let q be y(x). Give u(q).
-6
Let j be 5 - (-3 - -2)/(-1). Let d(n) be the first derivative of n**4/4 - 5*n**3/3 + n**2 + 5*n + 237. What is d(j)?
-3
Suppose 9*v = 3*v + 12. Let n(g) = g**v - g**3 + 4*g - 45 - 5*g + 0*g**3 + 46. Determine n(2).
-5
Let o(s) = -3*s**3 + s**2 + 2*s + 1. Suppose 2*n = 5 + 3, 3*n - 20 = -2*w. Let i be -3 + 3/6*w. Calculate o(i).
3
Let d be (-8)/14 - (-416)/(-455)*-5. Let r(m) be the second derivative of 1/20*m**5 + 7*m - 7/12*m**d + 0 + 5/6*m**3 + 4*m**2. What is r(6)?
2
Suppose 4*p = 4*r - 5*r - 11, 0 = -2*r - 3*p - 7. Let z(l) = 6*l**2 - 3*l + 1. Give z(r).
4
Suppose 19 = 2*a - t - 0*t, -2*a + 4*t + 16 = 0. Let h be (-22)/(-4) - 5/a. Suppose u + h = 2*u. Let j(l) = l**3 - 4*l**2 - 3*l - 5. Give j(u).
5
Let z(j) be the third derivative of -j**5/60 + j**3/6 - 123*j**2. Give z(-1).
0
Let s(h) = h**2 + 5*h + 2. Let l = 14 + -9. Suppose 6 = -2*g + l*g. Let j be (-1 + 3)/(g/(-3)). Determine s(j).
-4
Let u(i) = -7*i - 8*i + i**3 - 22 + i**2 + 18*i + 8*i**2 - 2*i. Give u(-9).
-31
Let k(q) = -q**2 + 8*q - 7. Let d be (-2 + 5)/3*0. Suppose 0 = -2*c + 2*j + 20, d = 4*c - 3*j - 31 - 11. Suppose 4*y - 40 + c = 0. Give k(y).
0
Let o(a) be the first derivative of -a**5/120 + a**4/8 + 11*a**3/3 + 11. Let w(y) be the third derivative of o(y). Determine w(5).
-2
Let m be ((-117)/65)/(3/(-5)). Let j(g) = g**3 - 4*g**2 + 4*g - 2. Give j(m).
1
Suppose -3*o + 2*q = 2*o - 27, 3*q - 2 = -o. Suppose -3*f + 11 = o. Let u(h) = h**2 - 2*h + 2. Give u(f).
2
Let g(l) = 40*l - 361. Let y be g(9). Let q(a) = -42*a. Determine q(y).
42
Suppose -46 = -5*j - 61. Let y(a) be the first derivative of -a**6/360 - a**4/8 + a**3 - 3. Let i(k) be the third derivative of y(k). Give i(j).
-12
Let o(s) be the second derivative of -s**3/6 - 5*s**2/2 - 3*s. Let y(p) = -p**2 + 27*p - 78. Let r be y(24). Determine o(r).
1
Suppose 0*t + 3*t - 117 = 0. Let h(i) = 0*i + t - 5*i - 35. Let c(r) = -11*r + 7. Let w(a) = -3*c(a) + 5*h(a). What is w(1)?
7
Let v(n) = -12*n**2 - 2*n - 1. Let k be v(-1). Let l = -13 - k. Let s(h) = h - 1. Calculate s(l).
-3
Let v(a) = 2*a**3 + 3*a**2 - 4*a + 2. Let d = -182 + 184. Determine v(d).
22
Let w(j) = -2*j**3 + 2*j**2 + 27*j - 6. Let o be w(4). Let c(i) = -7*i + 26. Calculate c(o).
-16
Let f(h) be the second derivative of h**3/6 - h**2 + 4*h. Let v = 539 - 537. Determine f(v).
0
Let q(p) be the second derivative of -p**3/3 - p**2/2 - 157*p. Calculate q(-9).
17
Let j(k) = -k**2 + 5. Let g = -9 + -41. Let c be ((-6)/15)/(5/g). What is j(c)?
-11
Let n(d) = d**3 + 2*d**2 - 1. Let q = -23 + 9. Let t(x) = 5*x + 2. Let p be t(2). Let s = p + q. Give n(s).
-1
Let v = -7 - -3. Let g(f) = 1. Let o = 11 - 1. Let a(q) = q + 6. Let r(j) = o*g(j) - 2*a(j). Determine r(v).
6
Suppose 0 = 5*v - 4*v - 5. Suppose 5*p = v + 5. Let j(b) = 5*b + 2. Give j(p).
12
Let s(c) = -c**2 - 3*c + 8. Suppose 9*w - 135 + 189 = 0. What is s(w)?
-10
Let b(y) = -6 + 401*y + 1 - 402*y + 4. Calculate b(3).
-4
Suppose -6*s + 4 = -4*s. Let u(r) = -s + 3*r - 2 + 0*r. Let m = 155 + -151. What is u(m)?
8
Let r be 21/2 + 15/10. Let y(c) = -c**3 - 2*c**2 + 18*c - r*c - 2 + 4. Calculate y(-4).
10
Let x(i) be the third derivative of i**7/840 - i**6/120 - i**3/6 - 13*i**2. Let z(m) be the first derivative of x(m). Calculate z(3).
0
Let x(t) = 6 + 0*t**2 + t**2 + 12*t - 3*t. Determine x(-7).
-8
Suppose 4*h + 135 - 117 = -2*v, -2*h = -v - 1. Let g(a) = a**2 + 7*a + 20. Determine g(v).
10
Let p(t) = -t**3 - t**2 + 3*t + 1. Let s be p(-3). Let k be (s + 4)/2 - 3. Let o(n) = n**3 - 3*n**2 - 4*n - 5. What is o(k)?
-5
Suppose 6*h - 10 + 10 = 0. Let c(u) = -2*u**2 + u**3 - 3*u - 5*u**2 + h*u + 7 + 3. What is c(7)?
-11
Let p(a) be the third derivative of 0 + 3*a**2 - 1/24*a**4 + 7/6*a**3 + 0*a. Suppose 3*i = -4*l + 15, -l + 4 = -i + 2*i. What is p(l)?
4
Let l(w) = 16 + w**2 - 13 + 7*w + 4. Give l(-8).
15
Let o = -7 - -7. Let j(i) = -3*i - 5. Let w(r) = 7*r + 11. Let p(b) = -5*j(b) - 2*w(b). What is p(o)?
3
Let n = 585 + -589. Let o(q) = q**2 - 4. What is o(n)?
12
Let z(h) be the second derivative of -4 - h + 1/6*h**3 + 17/2*h**2. Calculate z(0).
17
Let i(a) be the second derivative of -a**5/20 - 7*a**4/12 - 5*a**3/6 - 4*a**2 - 124*a. Determine i(-7).
27
Let c(f) = -f**3 - 6*f**2 - f - 1. Let n(s) = -s**3 - 2*s**2 + 4*s + 1. Let o be ((-2)/(-4))/((-3)/18). Let h be n(o). Let y be 18/h*12/18. What is c(y)?
5
Let c(v) = -8*v**2. Suppose 12*m - 430 = 1658. Suppose -172 + m = -2*h. Determine c(h).
-8
Let d be (-52)/14 + (-2)/7. Let y(f) be the second derivative of -1/3*f**3 + f + 29 - 3*f**2. Calculate y(d).
2
Let d(o) = o**2 + 3*o. Let u = 15 + -12. Suppose -u*y + 4*w + 0*w + 11 = 0, -10 = 2*w. Determine d(y).
0
Suppose -16*r + 2 = -15*r. Suppose 0 = -6*y - r - 10. Let k(x) = -x**2 - 4*x. What is k(y)?
4
Let j(o) = o**3 - 16*o**2 - 15*o + 43. Let x(n) = n**3 - 15*n**2 - 15*n + 43. Let y(p) = 6*j(p) - 7*x(p). Calculate y(10).
7
Let a(g) = 20*g - 1. Let q(v) = 2*v - 15. Suppose 5*x + 2*i = 19 + 29, -2*i = -x. Let d be q(x). Determine a(d).
19
Let l(y) = y**2 + 7*y + 1. Let r = -1 + 4. Let a(m) = -4*m**2 - 177*m - 35. Let c be a(-44). Suppose 0 = 3*j + 3 + c, -r*j - 36 = 4*b. Give l(b).
-5
Let t(r) be the third derivative of -1/15*r**5 + 0*r - 1/360*r**6 + 0*r**3 + 0 + 5*r**2 + 3/8*r**4. Let o(z) be the second derivative of t(z). Give o(-7).
6
Let r(p) = -2*p**2 + 19*p + 6. Let a(m) = 3*m**2 - 35*m - 13. Let n(y) = 3*a(y) + 5*r(y). Determine n(-8).